{"id":261,"date":"2022-09-15T14:50:22","date_gmt":"2022-09-15T12:50:22","guid":{"rendered":"https:\/\/www.fotoartetaranto.it\/?page_id=261"},"modified":"2022-09-18T10:25:42","modified_gmt":"2022-09-18T08:25:42","slug":"talk","status":"publish","type":"page","link":"https:\/\/www.fotoartetaranto.it\/index.php\/talk\/","title":{"rendered":"Talk"},"content":{"rendered":"\n<h4 class=\"wp-block-heading\">Punti di vista &#8211; Confronto sulla fotografia oggi<\/h4>\n\n\n\n<h5 class=\"wp-block-heading\">2 Ottobre 2022 ore 19:00 presso Il Circolo Fotografico Il Castello<\/h5>\n\n\n\n<figure class=\"wp-block-image size-large is-resized\"><img fetchpriority=\"high\" decoding=\"async\" src=\"https:\/\/www.fotoartetaranto.it\/wp-content\/uploads\/2022\/09\/WhatsApp-Image-2022-09-15-at-13.03.48-1024x1024.jpeg\" alt=\"\" class=\"wp-image-260\" width=\"501\" height=\"501\" srcset=\"https:\/\/www.fotoartetaranto.it\/wp-content\/uploads\/2022\/09\/WhatsApp-Image-2022-09-15-at-13.03.48-1024x1024.jpeg 1024w, https:\/\/www.fotoartetaranto.it\/wp-content\/uploads\/2022\/09\/WhatsApp-Image-2022-09-15-at-13.03.48-300x300.jpeg 300w, https:\/\/www.fotoartetaranto.it\/wp-content\/uploads\/2022\/09\/WhatsApp-Image-2022-09-15-at-13.03.48-150x150.jpeg 150w, https:\/\/www.fotoartetaranto.it\/wp-content\/uploads\/2022\/09\/WhatsApp-Image-2022-09-15-at-13.03.48-768x768.jpeg 768w, https:\/\/www.fotoartetaranto.it\/wp-content\/uploads\/2022\/09\/WhatsApp-Image-2022-09-15-at-13.03.48-1536x1536.jpeg 1536w, https:\/\/www.fotoartetaranto.it\/wp-content\/uploads\/2022\/09\/WhatsApp-Image-2022-09-15-at-13.03.48.jpeg 1600w\" sizes=\"(max-width: 501px) 100vw, 501px\" \/><\/figure>\n\n\n\n<p>Diceva Susan Sontag che la fotografia \u00e8 la pi\u00f9 democratica delle arti, perch\u00e9 permette a tutti l\u2019accesso pi\u00f9 o meno consapevole.Ma come sentenziava Tocqueville nel suo \u201cLa democrazia in America\u201d la democrazia \u00e8 la tirannia delle masse. E allora chiediamoci cosa sta avvenendo nel mondo della fotografia ? La condivisione di tutto e di pi\u00f9 sta mortificando quello che era la mission della fotografia? Documentare? La fotografia \u00e8 solo like? Quanto la tecnologia ha influito con gli smartphone in questa democratizzazione ? E quanto questo ha influito sulla privacy e sui diritti del fotografo? Quanto conta ancora studiare la fotografia dei grandi? Luigi Ghirri, Robert Capa, Henry Cartier Bresson sono ancora attuali? Di questo e altro parleremo con tre esperti che hanno fatto della fotografia la loro ragione di vita.<\/p>\n","protected":false},"excerpt":{"rendered":"<p>Punti di vista &#8211; Confronto sulla fotografia oggi 2 Ottobre 2022 ore 19:00 presso Il Circolo Fotografico Il Castello Diceva Susan Sontag che la fotografia \u00e8 la pi\u00f9 democratica delle arti, perch\u00e9 permette a tutti l\u2019accesso pi\u00f9 o meno consapevole.Ma come sentenziava Tocqueville nel suo \u201cLa democrazia in America\u201d la democrazia \u00e8 la tirannia delle&hellip;&nbsp;<a href=\"https:\/\/www.fotoartetaranto.it\/index.php\/talk\/\" class=\"\" rel=\"bookmark\">Leggi tutto &raquo;<span class=\"screen-reader-text\">Talk<\/span><\/a><\/p>\n","protected":false},"author":1,"featured_media":0,"parent":0,"menu_order":0,"comment_status":"closed","ping_status":"closed","template":"","meta":{"neve_meta_sidebar":"","neve_meta_container":"","neve_meta_enable_content_width":"","neve_meta_content_width":0,"neve_meta_title_alignment":"","neve_meta_author_avatar":"","neve_post_elements_order":"","neve_meta_disable_header":"","neve_meta_disable_footer":"","neve_meta_disable_title":"","footnotes":""},"class_list":["post-261","page","type-page","status-publish","hentry"],"_links":{"self":[{"href":"https:\/\/www.fotoartetaranto.it\/index.php\/wp-json\/wp\/v2\/pages\/261","targetHints":{"allow":["GET"]}}],"collection":[{"href":"https:\/\/www.fotoartetaranto.it\/index.php\/wp-json\/wp\/v2\/pages"}],"about":[{"href":"https:\/\/www.fotoartetaranto.it\/index.php\/wp-json\/wp\/v2\/types\/page"}],"author":[{"embeddable":true,"href":"https:\/\/www.fotoartetaranto.it\/index.php\/wp-json\/wp\/v2\/users\/1"}],"replies":[{"embeddable":true,"href":"https:\/\/www.fotoartetaranto.it\/index.php\/wp-json\/wp\/v2\/comments?post=261"}],"version-history":[{"count":3,"href":"https:\/\/www.fotoartetaranto.it\/index.php\/wp-json\/wp\/v2\/pages\/261\/revisions"}],"predecessor-version":[{"id":269,"href":"https:\/\/www.fotoartetaranto.it\/index.php\/wp-json\/wp\/v2\/pages\/261\/revisions\/269"}],"wp:attachment":[{"href":"https:\/\/www.fotoartetaranto.it\/index.php\/wp-json\/wp\/v2\/media?parent=261"}],"curies":[{"name":"wp","href":"https:\/\/api.w.org\/{rel}","templated":true}]}}

<h4 class="wp-block-heading">Punti di vista &#8211; Confronto sulla fotografia oggi</h4>



<h5 class="wp-block-heading">2 Ottobre 2022 ore 19:00 presso Il Circolo Fotografico Il Castello</h5>



<figure class="wp-block-image size-large is-resized"><img fetchpriority="high" decoding="async" src="https://www.fotoartetaranto.it/wp-content/uploads/2022/09/WhatsApp-Image-2022-09-15-at-13.03.48-1024x1024.jpeg" alt="" class="wp-image-260" width="501" height="501" srcset="https://www.fotoartetaranto.it/wp-content/uploads/2022/09/WhatsApp-Image-2022-09-15-at-13.03.48-1024x1024.jpeg 1024w, https://www.fotoartetaranto.it/wp-content/uploads/2022/09/WhatsApp-Image-2022-09-15-at-13.03.48-300x300.jpeg 300w, https://www.fotoartetaranto.it/wp-content/uploads/2022/09/WhatsApp-Image-2022-09-15-at-13.03.48-150x150.jpeg 150w, https://www.fotoartetaranto.it/wp-content/uploads/2022/09/WhatsApp-Image-2022-09-15-at-13.03.48-768x768.jpeg 768w, https://www.fotoartetaranto.it/wp-content/uploads/2022/09/WhatsApp-Image-2022-09-15-at-13.03.48-1536x1536.jpeg 1536w, https://www.fotoartetaranto.it/wp-content/uploads/2022/09/WhatsApp-Image-2022-09-15-at-13.03.48.jpeg 1600w" sizes="(max-width: 501px) 100vw, 501px" /></figure>



<p>Diceva Susan Sontag che la fotografia è la più democratica delle arti, perché permette a tutti l’accesso più o meno consapevole.Ma come sentenziava Tocqueville nel suo “La democrazia in America” la democrazia è la tirannia delle masse. E allora chiediamoci cosa sta avvenendo nel mondo della fotografia ? La condivisione di tutto e di più sta mortificando quello che era la mission della fotografia? Documentare? La fotografia è solo like? Quanto la tecnologia ha influito con gli smartphone in questa democratizzazione ? E quanto questo ha influito sulla privacy e sui diritti del fotografo? Quanto conta ancora studiare la fotografia dei grandi? Luigi Ghirri, Robert Capa, Henry Cartier Bresson sono ancora attuali? Di questo e altro parleremo con tre esperti che hanno fatto della fotografia la loro ragione di vita.</p>

<p>Punti di vista &#8211; Confronto sulla fotografia oggi 2 Ottobre 2022 ore 19:00 presso Il Circolo Fotografico Il Castello Diceva Susan Sontag che la fotografia è la più democratica delle arti, perché permette a tutti l’accesso più o meno consapevole.Ma come sentenziava Tocqueville nel suo “La democrazia in America” la democrazia è la tirannia delle&hellip;&nbsp;<a href="https://www.fotoartetaranto.it/index.php/talk/" class="" rel="bookmark">Leggi tutto &raquo;<span class="screen-reader-text">Talk</span></a></p>
